{"id":37,"date":"2018-02-18T03:01:04","date_gmt":"2018-02-18T03:01:04","guid":{"rendered":"https:\/\/svetaobitelj.hr?page_id=37"},"modified":"2025-02-01T09:30:32","modified_gmt":"2025-02-01T08:30:32","slug":"fsr","status":"publish","type":"page","link":"https:\/\/svetaobitelj.hr\/?page_id=37","title":{"rendered":"OFS"},"content":{"rendered":"<p>U \u017eupi Sv. Obitelji djeluje Franjeva\u010dki svjetovni red (OFS) ili, kako je to bilo u po\u010detku, Tre\u0107i Red (TR), zavjetovani laici ili svjetovni franjevci, koji u svom svakodnevnom \u017eivotu, po uzoru na Sv. Franju Asi\u0161koga, svjedo\u010de svoju vjeru i pripadnost Redu u svijetu.<br \/>\nPrva mjese\u010dna skup\u0161tina Tre\u0107eg Reda (TR) \u017dupe Sv. Obitelji u Osijeku, odr\u017eana je 20. travnja 1978. godine. Na skup\u0161tini je bilo prisutno 16-ero ljudi. Voditelj sastanka, ujedno i prvi duhovni asistent bio je fra Drago Radeli\u0107. Nakon molitve iz Obrednika franjeva\u010dke zadruge, p. Drago je naglasio \u201eda je zajednica TR, formalno postala zadruga TR, \u0161to je dokumentirao Dekretom o osnivanju TR zadruge od Provincijalata u Zagrebu br. 243\/1978. godine, 1. o\u017eujka 1978., te Rje\u0161enjem Biskupskog ordinarijata u \u0110akovu, u kojem se odobrava osnivanje zadruge TR u \u017eupi Sv. Obitelji, Osijek IV, br. 709\/78, od 13. travnja 1978. godine. Oba dokumenta se \u010duvaju u \u017eupnom arhivu pod brojem 21\/1978. godinu. Da bi osnutak zadruge TR bio valjan, prema Konstitucijama TR (\u010dl. 122) bilo je potrebno imenovanje predsjednika i odbora. Za prvu predsjednicu predlo\u017eena je Marija Novakovi\u0107, a za odbor Gospina Leventi\u0107, Cvijeta Mikrut, Paula Bla\u017eevi\u0107 i Magdalena Vargovi\u0107. Ovaj prijedlog poslan je u Provincijalat Hrvatske franjeva\u010dke provincije sv. \u0106irila i Metoda u Zagreb za potvrdu koji je to i u\u010dinio 6. svibnja 1978., pod brojem 403\/1978 .<br \/>\nI\u0161\u010ditavaju\u0107i zapisnike skup\u0161tina ili mjese\u010dnih susreta od osnutka TR do danas, vidi se da svjetovni franjevci kroz sve vrijeme postojanja aktivno sudjeluju u \u017eivotu \u017eupne zajednice kao pjeva\u010di u \u017eupnom zboru, \u010dita\u010di, u odr\u017eavanju \u010disto\u0107e crkve i okoli\u0161a, karitativnom radu, posjetu bolesnicima kao i u mnogim drugim doga\u0111anjima.<br \/>\nOd osnutka TR-a 1978. godine do danas do\u0161lo je do zna\u010dajnih promjena u ustroju. Tre\u0107i red je sada Franjeva\u010dki svjetovni red (OFS) te je organiziran u Mjesna bratstva. Mjesna bratstva ujedinjena su u Podru\u010dna, Podru\u010dna u Nacionalna, te Nacionalna u Me\u0111unarodno bratstvo. Mjesno bratstvo \u017eupe Sv. Obitelji danas broji 32 zavjetovana \u010dlana. Ministar bratstva je Krunoslav Janc, a duhovni asistent je fra Dragutin Bedeni\u010di\u0107.<\/p>\n","protected":false},"excerpt":{"rendered":"<p>U \u017eupi Sv. Obitelji djeluje Franjeva\u010dki svjetovni red (OFS) ili, kako je to bilo u po\u010detku, Tre\u0107i Red (TR), zavjetovani laici ili svjetovni franjevci, koji u svom svakodnevnom \u017eivotu, po uzoru na Sv. Franju Asi\u0161koga, svjedo\u010de svoju vjeru i pripadnost Redu u svijetu. Prva mjese\u010dna skup\u0161tina Tre\u0107eg Reda (TR) \u017dupe Sv. Obitelji u Osijeku, odr\u017eana <a href=\"https:\/\/svetaobitelj.hr\/?page_id=37\" class=\"more-link\">[&hellip;]<\/a><\/p>\n","protected":false},"author":2,"featured_media":0,"parent":0,"menu_order":0,"comment_status":"closed","ping_status":"closed","template":"","meta":{"footnotes":""},"class_list":["entry","author-","post-37","page","type-page","status-publish"],"_links":{"self":[{"href":"https:\/\/svetaobitelj.hr\/index.php?rest_route=\/wp\/v2\/pages\/37","targetHints":{"allow":["GET"]}}],"collection":[{"href":"https:\/\/svetaobitelj.hr\/index.php?rest_route=\/wp\/v2\/pages"}],"about":[{"href":"https:\/\/svetaobitelj.hr\/index.php?rest_route=\/wp\/v2\/types\/page"}],"author":[{"embeddable":true,"href":"https:\/\/svetaobitelj.hr\/index.php?rest_route=\/wp\/v2\/users\/2"}],"replies":[{"embeddable":true,"href":"https:\/\/svetaobitelj.hr\/index.php?rest_route=%2Fwp%2Fv2%2Fcomments&post=37"}],"version-history":[{"count":10,"href":"https:\/\/svetaobitelj.hr\/index.php?rest_route=\/wp\/v2\/pages\/37\/revisions"}],"predecessor-version":[{"id":3615,"href":"https:\/\/svetaobitelj.hr\/index.php?rest_route=\/wp\/v2\/pages\/37\/revisions\/3615"}],"wp:attachment":[{"href":"https:\/\/svetaobitelj.hr\/index.php?rest_route=%2Fwp%2Fv2%2Fmedia&parent=37"}],"curies":[{"name":"wp","href":"https:\/\/api.w.org\/{rel}","templated":true}]}}

<p>U župi Sv. Obitelji djeluje Franjevački svjetovni red (OFS) ili, kako je to bilo u početku, Treći Red (TR), zavjetovani laici ili svjetovni franjevci, koji u svom svakodnevnom životu, po uzoru na Sv. Franju Asiškoga, svjedoče svoju vjeru i pripadnost Redu u svijetu.<br />
Prva mjesečna skupština Trećeg Reda (TR) Župe Sv. Obitelji u Osijeku, održana je 20. travnja 1978. godine. Na skupštini je bilo prisutno 16-ero ljudi. Voditelj sastanka, ujedno i prvi duhovni asistent bio je fra Drago Radelić. Nakon molitve iz Obrednika franjevačke zadruge, p. Drago je naglasio „da je zajednica TR, formalno postala zadruga TR, što je dokumentirao Dekretom o osnivanju TR zadruge od Provincijalata u Zagrebu br. 243/1978. godine, 1. ožujka 1978., te Rješenjem Biskupskog ordinarijata u Đakovu, u kojem se odobrava osnivanje zadruge TR u župi Sv. Obitelji, Osijek IV, br. 709/78, od 13. travnja 1978. godine. Oba dokumenta se čuvaju u župnom arhivu pod brojem 21/1978. godinu. Da bi osnutak zadruge TR bio valjan, prema Konstitucijama TR (čl. 122) bilo je potrebno imenovanje predsjednika i odbora. Za prvu predsjednicu predložena je Marija Novaković, a za odbor Gospina Leventić, Cvijeta Mikrut, Paula Blažević i Magdalena Vargović. Ovaj prijedlog poslan je u Provincijalat Hrvatske franjevačke provincije sv. Ćirila i Metoda u Zagreb za potvrdu koji je to i učinio 6. svibnja 1978., pod brojem 403/1978 .<br />
Iščitavajući zapisnike skupština ili mjesečnih susreta od osnutka TR do danas, vidi se da svjetovni franjevci kroz sve vrijeme postojanja aktivno sudjeluju u životu župne zajednice kao pjevači u župnom zboru, čitači, u održavanju čistoće crkve i okoliša, karitativnom radu, posjetu bolesnicima kao i u mnogim drugim događanjima.<br />
Od osnutka TR-a 1978. godine do danas došlo je do značajnih promjena u ustroju. Treći red je sada Franjevački svjetovni red (OFS) te je organiziran u Mjesna bratstva. Mjesna bratstva ujedinjena su u Područna, Područna u Nacionalna, te Nacionalna u Međunarodno bratstvo. Mjesno bratstvo župe Sv. Obitelji danas broji 32 zavjetovana člana. Ministar bratstva je Krunoslav Janc, a duhovni asistent je fra Dragutin Bedeničić.</p>

<p>U župi Sv. Obitelji djeluje Franjevački svjetovni red (OFS) ili, kako je to bilo u početku, Treći Red (TR), zavjetovani laici ili svjetovni franjevci, koji u svom svakodnevnom životu, po uzoru na Sv. Franju Asiškoga, svjedoče svoju vjeru i pripadnost Redu u svijetu. Prva mjesečna skupština Trećeg Reda (TR) Župe Sv. Obitelji u Osijeku, održana <a href="https://svetaobitelj.hr/?page_id=37" class="more-link">[&hellip;]</a></p>
