{"id":28,"date":"2018-02-18T02:31:08","date_gmt":"2018-02-18T02:31:08","guid":{"rendered":"https:\/\/svetaobitelj.hr?page_id=28"},"modified":"2023-05-31T07:56:12","modified_gmt":"2023-05-31T06:56:12","slug":"pastoralno-osobolje","status":"publish","type":"page","link":"https:\/\/svetaobitelj.hr\/?page_id=28","title":{"rendered":"Pastoralno osoblje"},"content":{"rendered":"<p style=\"text-align: center;\">\n<p style=\"text-align: center;\">\u017dupnik: fra Dragutin Bedeni\u010di\u0107<\/p>\n<p style=\"text-align: center;\"><strong>KATEHISTKINJE<\/strong><\/p>\n<p style=\"text-align: center;\">\u00a0g\u0111a Marija Grahovac, g\u0111a Marija Malko\u010d, s. Helena Bakula<\/p>\n","protected":false},"excerpt":{"rendered":"<p>\u017dupnik: fra Dragutin Bedeni\u010di\u0107 KATEHISTKINJE \u00a0g\u0111a Marija Grahovac, g\u0111a Marija Malko\u010d, s. Helena Bakula<\/p>\n","protected":false},"author":2,"featured_media":0,"parent":0,"menu_order":0,"comment_status":"closed","ping_status":"closed","template":"","meta":{"footnotes":""},"class_list":["entry","author-","post-28","page","type-page","status-publish"],"_links":{"self":[{"href":"https:\/\/svetaobitelj.hr\/index.php?rest_route=\/wp\/v2\/pages\/28","targetHints":{"allow":["GET"]}}],"collection":[{"href":"https:\/\/svetaobitelj.hr\/index.php?rest_route=\/wp\/v2\/pages"}],"about":[{"href":"https:\/\/svetaobitelj.hr\/index.php?rest_route=\/wp\/v2\/types\/page"}],"author":[{"embeddable":true,"href":"https:\/\/svetaobitelj.hr\/index.php?rest_route=\/wp\/v2\/users\/2"}],"replies":[{"embeddable":true,"href":"https:\/\/svetaobitelj.hr\/index.php?rest_route=%2Fwp%2Fv2%2Fcomments&post=28"}],"version-history":[{"count":13,"href":"https:\/\/svetaobitelj.hr\/index.php?rest_route=\/wp\/v2\/pages\/28\/revisions"}],"predecessor-version":[{"id":2788,"href":"https:\/\/svetaobitelj.hr\/index.php?rest_route=\/wp\/v2\/pages\/28\/revisions\/2788"}],"wp:attachment":[{"href":"https:\/\/svetaobitelj.hr\/index.php?rest_route=%2Fwp%2Fv2%2Fmedia&parent=28"}],"curies":[{"name":"wp","href":"https:\/\/api.w.org\/{rel}","templated":true}]}}